{"id":880,"date":"2016-09-23T18:59:11","date_gmt":"2016-09-23T16:59:11","guid":{"rendered":"https:\/\/my-blog.mysticlands.eu\/?page_id=880"},"modified":"2021-03-25T12:03:57","modified_gmt":"2021-03-25T11:03:57","slug":"rumaenien-2016","status":"publish","type":"page","link":"https:\/\/my-blog.mysticlands.eu\/?page_id=880","title":{"rendered":"rum\u00e4nien 2016"},"content":{"rendered":"<p><span style=\"font-size: 14pt;\"><strong><span style=\"color: #ff6600;\">karpatenrunde, 3200km<br \/>\n<\/span><\/strong><\/span><\/p>\n<p>das ging wiedermal v\u00f6llig unscheinbar an, das ganze.<\/p>\n<p>hab so rum\u00fcberlegt, dass ich vor ein paar jahren quer duch die slovakei bis badrejov mir dem auto unterwegs war, &#8220;im auftrag des weltkonzerns&#8221;. die haben da auf einem\u00a0 medizinischen kongress ihre software vorgestellt und ich hab die computer betreut.<br \/>\nsoweit, so gut.<br \/>\nna ja, jetzt liegt bardejov ja schon recht nah an der grenze zu polen, noch hinter der hohen tatra. hmmm&#8230; -denkpause &#8211; ah, da ists ja garnimmer weit, bis zur ukraine, da k\u00f6nnt ich ja mal hin und an der grenze r\u00fcberschauen, auf die andere seite&#8230;..<br \/>\ndas wars dann, denn als ich die karte rausgesucht hab, war da rum\u00e4nien auch nimmer weit weg und ne strasse an der grenze lang gibt&#8217;s nat\u00fcrlich auch.<br \/>\nweil ich ja viel zeug \u00fcber weitwandern les, hatte ich &#8211; ganz klar &#8211;\u00a0 auch\u00a0 webseiten \u00fcber die karpaten mit tollen fotos und berichten.<\/p>\n<p>das war&#8217;s dann und ich hab das planen angefangen.\u00a0die tracks sind ja schnell gebaut, pensionen per booking.com gesucht, wikipedia gelesen, getr\u00e4umt. rausgekommen ist ne tour mit der <a href=\"https:\/\/my-blog.mysticlands.eu\/?page_id=875\" target=\"_blank\" rel=\"noopener\">Q -auch mac genannt\u00a0<img loading=\"lazy\" decoding=\"async\" class=\"attachment-810x810 size-810x810\" src=\"https:\/\/my-blog.mysticlands.eu\/wp-content\/uploads\/system\/button_externer_link.gif\" alt=\"button_externer_link\" width=\"8\" height=\"8\" \/> &#8211; <\/a>\u00a0rund um den karpatenbogen. den rum\u00e4nischen teil, zumindest.<br \/>\ndenn anfangen tun die ja offiziell gleich hinter bratislava in der slovakei.<\/p>\n<p><a href=\"https:\/\/my-blog.mysticlands.eu\/wp-content\/uploads\/2016karpatenbogen\/tour-1.jpg\"><img loading=\"lazy\" decoding=\"async\" class=\"alignnone size-full wp-image-2154\" src=\"https:\/\/my-blog.mysticlands.eu\/wp-content\/uploads\/2016karpatenbogen\/tour-1.jpg\" alt=\"tour-1\" width=\"926\" height=\"453\" srcset=\"https:\/\/my-blog.mysticlands.eu\/wp-content\/uploads\/2016karpatenbogen\/tour-1.jpg 926w, https:\/\/my-blog.mysticlands.eu\/wp-content\/uploads\/2016karpatenbogen\/tour-1-300x147.jpg 300w, https:\/\/my-blog.mysticlands.eu\/wp-content\/uploads\/2016karpatenbogen\/tour-1-768x376.jpg 768w\" sizes=\"(max-width: 926px) 100vw, 926px\" \/><br \/>\n<\/a><\/p>\n<p>von ungarn beginnend, in die maramures, die bekannten <a href=\"https:\/\/de.wikipedia.org\/wiki\/Holzkirchen_in_der_Maramure%C8%99\" target=\"_blank\" rel=\"noopener\">holzkirchen\u00a0<img loading=\"lazy\" decoding=\"async\" class=\"attachment-810x810 size-810x810\" src=\"https:\/\/my-blog.mysticlands.eu\/wp-content\/uploads\/system\/button_externer_link.gif\" alt=\"button_externer_link\" width=\"8\" height=\"8\" \/><\/a> anschauen, weiter zu den <a href=\"https:\/\/de.wikipedia.org\/wiki\/Moldaukl%C3%B6ster\" target=\"_blank\" rel=\"noopener\">moldaukl\u00f6stern <img loading=\"lazy\" decoding=\"async\" class=\"attachment-810x810 size-810x810\" src=\"https:\/\/my-blog.mysticlands.eu\/wp-content\/uploads\/system\/button_externer_link.gif\" alt=\"button_externer_link\" width=\"8\" height=\"8\" \/><\/a>, \u00fcber <a href=\"https:\/\/de.m.wikipedia.org\/wiki\/Sighi\u0219oara\" target=\"_blank\" rel=\"noopener\">sch\u00e4ssburg<\/a> <img loading=\"lazy\" decoding=\"async\" class=\"attachment-810x810 size-810x810\" src=\"https:\/\/my-blog.mysticlands.eu\/wp-content\/uploads\/system\/button_externer_link.gif\" alt=\"button_externer_link\" width=\"8\" height=\"8\" \/> runter nach kronstadt, da in der n\u00e4he das angebliche <a href=\"https:\/\/de.wikipedia.org\/wiki\/Schloss_Bran\" target=\"_blank\" rel=\"noopener\">draculaschloss\u00a0<img loading=\"lazy\" decoding=\"async\" class=\"attachment-810x810 size-810x810\" src=\"https:\/\/my-blog.mysticlands.eu\/wp-content\/uploads\/system\/button_externer_link.gif\" alt=\"button_externer_link\" width=\"8\" height=\"8\" \/><\/a> ankucken.<br \/>\nweiter \u00fcber die <a href=\"https:\/\/de.wikipedia.org\/wiki\/Transfogarascher_Hochstra%C3%9Fe\" target=\"_blank\" rel=\"noopener\">transfaragarasch\u00a0<img loading=\"lazy\" decoding=\"async\" class=\"attachment-810x810 size-810x810\" src=\"https:\/\/my-blog.mysticlands.eu\/wp-content\/uploads\/system\/button_externer_link.gif\" alt=\"button_externer_link\" width=\"8\" height=\"8\" \/><\/a> &#8211; ne tolle pass strasse die bis auf 2.000m hochgeht &#8211; die karpaten das erste mal von nord nach s\u00fcd \u00fcberqueren.<br \/>\ndanach wieder \u00fcber die grosse transitstrasse rauf nach sibiu &#8211; hermannstadt-<br \/>\nwieder \u00fcber die karpaten dr\u00fcber, diesmal die <a href=\"https:\/\/en.wikipedia.org\/wiki\/Transalpina_(DN67C)\" target=\"_blank\" rel=\"noopener\">transalpina <img loading=\"lazy\" decoding=\"async\" class=\"attachment-810x810 size-810x810\" src=\"https:\/\/my-blog.mysticlands.eu\/wp-content\/uploads\/system\/button_externer_link.gif\" alt=\"button_externer_link\" width=\"8\" height=\"8\" \/><\/a>, auch so gut \u00fcber 2.100 meter hoch.<br \/>\ndann reichts erstmal mit bergen, denk ich und gurk runter zur donau, bei turnu-severin. ein st\u00fcck die donau aufw\u00e4rts, und dann quer durch ungarn wieder zur\u00fcck nach wien.<\/p>\n<p><a href=\"https:\/\/www.carpathian2wheelsguide.com\/en\/\" target=\"_blank\" rel=\"noopener\"><img loading=\"lazy\" decoding=\"async\" class=\"alignleft wp-image-5826 size-thumbnail\" src=\"https:\/\/my-blog.mysticlands.eu\/wp-content\/uploads\/2016karpatenbogen\/Touring-Romania-150x150.jpg\" alt=\"\" width=\"150\" height=\"150\" srcset=\"https:\/\/my-blog.mysticlands.eu\/wp-content\/uploads\/2016karpatenbogen\/Touring-Romania-150x150.jpg 150w, https:\/\/my-blog.mysticlands.eu\/wp-content\/uploads\/2016karpatenbogen\/Touring-Romania-300x300.jpg 300w, https:\/\/my-blog.mysticlands.eu\/wp-content\/uploads\/2016karpatenbogen\/Touring-Romania.jpg 600w\" sizes=\"(max-width: 150px) 100vw, 150px\" \/><\/a><\/p>\n<p>den motorrad-touren f\u00fchrer hab ich geschenkt bekommen:<br \/>\nkostet nicht viel,ist ne gute investition f\u00fcr jeden, der eine tour nach rum\u00e4nien plant.<br \/>\nda gibts noch zwei andere, f\u00fcr die enduro-liebhaber und spezialisten, einfach bei \u00a0\u00a0<a href=\"https:\/\/www.carpathian2wheelsguide.com\/en\/\" target=\"_blank\" rel=\"noopener\">carpathian 2 wheels guide\u00a0<\/a><a href=\"https:\/\/my-blog.mysticlands.eu\/?p=890\"><img loading=\"lazy\" decoding=\"async\" class=\"attachment-810x810 size-810x810\" src=\"https:\/\/my-blog.mysticlands.eu\/wp-content\/uploads\/system\/button_externer_link.gif\" alt=\"button_externer_link\" width=\"8\" height=\"8\" \/><\/a> reinschauen, es lohnt sich.<\/p>\n<p>ganz herzlichen dank an sabin und calin, die den f\u00fchrer geschrieben haben.<br \/>\nhab beide\u00a0 in hortobagy zuf\u00e4lllig getroffen und calin hat mir den f\u00fchrer einfach in die hand gedr\u00fcckt, mit der bitte:<br \/>\n<em>spread the word<\/em>, mach rum\u00e4nien als reise land publik.<\/p>\n<p>heute, nach dem tripp, der super war sag ich: I&#8217;ll be back.<br \/>\nes ist ein tolles land, mit wenig vertouristeten gegenden, nat\u00fcrlich und urspr\u00fcnglich. landschaft pur und vielf\u00e4ltig. mit netten menschen, die freundlich und hilfsbereit sind. g\u00fcnstig ists obendrein.<br \/>\nsicherlich ist das sozialistische &#8216;erbe&#8217; vielfach zu sehen, besonders in den st\u00e4dten. am land aber, ists anders und wunder sch\u00f6n und es gibt unendlich viel zu entdecken<br \/>\n\u00fcbrigens: mit deutsch und englisch und<br \/>\n&#8216;<em>multumesc<\/em>&#8216; -danke<br \/>\n&#8216; <em>va rog<\/em> &#8216; &#8211; bitte<br \/>\n&#8216;<em>da<\/em>&#8216; -ja<br \/>\n&#8216;<em>nu<\/em>&#8216; &#8211; nein<br \/>\nkommt man aus, f\u00fcr den anfang. mehr kann ich auch nicht.<\/p>\n<p><a href=\"https:\/\/my-blog.mysticlands.eu\/?p=890\">zu den epappen und den tagesberichten<\/a><a href=\"https:\/\/my-blog.mysticlands.eu\/?p=890\"> <img loading=\"lazy\" decoding=\"async\" class=\"attachment-810x810 size-810x810\" src=\"https:\/\/my-blog.mysticlands.eu\/wp-content\/uploads\/system\/button_externer_link.gif\" alt=\"button_externer_link\" width=\"8\" height=\"8\" \/><\/a><\/p>\n","protected":false},"excerpt":{"rendered":"<p>karpatenrunde, 3200km das ging wiedermal v\u00f6llig unscheinbar an, das ganze. hab so rum\u00fcberlegt, dass ich vor ein paar jahren quer duch die slovakei bis badrejov mir dem auto unterwegs war, &#8220;im auftrag des weltkonzerns&#8221;. die haben da auf einem\u00a0 medizinischen kongress ihre software vorgestellt und ich hab die computer betreut. soweit, so gut. na ja, jetzt liegt bardejov ja schon recht nah an der grenze zu polen, noch hinter der hohen tatra. hmmm&#8230; -denkpause &#8211; ah, da ists ja garnimmer weit, bis zur ukraine, da&hellip;<\/p>\n","protected":false},"author":2,"featured_media":904,"parent":0,"menu_order":0,"comment_status":"closed","ping_status":"closed","template":"","meta":{"jetpack_post_was_ever_published":false,"footnotes":""},"class_list":["post-880","page","type-page","status-publish","has-post-thumbnail","hentry"],"jetpack_sharing_enabled":true,"jetpack-related-posts":[],"_links":{"self":[{"href":"https:\/\/my-blog.mysticlands.eu\/index.php?rest_route=\/wp\/v2\/pages\/880"}],"collection":[{"href":"https:\/\/my-blog.mysticlands.eu\/index.php?rest_route=\/wp\/v2\/pages"}],"about":[{"href":"https:\/\/my-blog.mysticlands.eu\/index.php?rest_route=\/wp\/v2\/types\/page"}],"author":[{"embeddable":true,"href":"https:\/\/my-blog.mysticlands.eu\/index.php?rest_route=\/wp\/v2\/users\/2"}],"replies":[{"embeddable":true,"href":"https:\/\/my-blog.mysticlands.eu\/index.php?rest_route=%2Fwp%2Fv2%2Fcomments&post=880"}],"version-history":[{"count":0,"href":"https:\/\/my-blog.mysticlands.eu\/index.php?rest_route=\/wp\/v2\/pages\/880\/revisions"}],"wp:featuredmedia":[{"embeddable":true,"href":"https:\/\/my-blog.mysticlands.eu\/index.php?rest_route=\/wp\/v2\/media\/904"}],"wp:attachment":[{"href":"https:\/\/my-blog.mysticlands.eu\/index.php?rest_route=%2Fwp%2Fv2%2Fmedia&parent=880"}],"curies":[{"name":"wp","href":"https:\/\/api.w.org\/{rel}","templated":true}]}}